).
2, 3
Suppose -3*k + 9 = -0*k. Let q(l) = 0*l + k + 6 - 4 - l**2 - 6*l. What are the prime factors of q(-5)?
2, 5
Let z(s) = 4*s**2 + s - 17. List the prime factors of z(-6).
11
Let h(t) = 5*t**3 - t**2 - t - 1. Let r be h(-1). Let x = 8 + r. Suppose -1 = -3*i - z - z, 5*i - 23 = x*z. What are the prime factors of i?
3
Let g = 0 - -8. Suppose 0 = 3*z + z - g. Suppose z*q = -2*q + 40. What are the prime factors of q?
2, 5
Let y = 7 - 0. Let j = -4 + y. Suppose -11 = -j*f + 10. What are the prime factors of f?
7
Suppose f + 74 = -f. Let v = f - -52. List the prime factors of v.
3, 5
Suppose 0 = 4*n - 5*n - 10. Let c be (-4)/34 + (-76)/(-68). Let o = c - n. What are the prime factors of o?
11
Let k = -8 + 12. Suppose -k = -f - 0. List the prime factors of f.
2
Suppose 3*q - 7*u - 634 = -5*u, -q = -3*u - 216. What are the prime factors of q?
2, 3, 5, 7
Let a = 17 - 12. Suppose -a = -v - 0. Suppose -5*j + 15 = v. What are the prime factors of j?
2
Let v(d) = -5*d + 8. List the prime factors of v(-5).
3, 11
Let x(h) be the first derivative of h**2 + h + 3. Let l be x(7). Suppose -4 + l = v - 2*f, -4 = 2*f. List the prime factors of v.
7
Let h be -3 - -2*3/2. Suppose -4*l - 5 = 3*g - 19, -2*l - 8 = h. List the prime factors of g.
2, 5
Let h(r) = 2*r**2 - r - 2. Let b be 1 - 1*(4 + 1). Let i = b + 6. List the prime factors of h(i).
2
Let l be 16/(-2) - (-1 - 0). Let h = l + 2. Let g(q) = -2*q - 4. What are the prime factors of g(h)?
2, 3
Suppose 3*b - b - 4*k + 6 = 0, -b - 5 = -3*k. Let j be (-45)/20 - b/(-4). What are the prime factors of (-44)/(-8) + (-1)/j?
2, 3
Suppose -b + 4*r + 5 = 0, -b + r = -5*b + 20. List the prime factors of b.
5
Let n(p) = 59*p**3 + p**2 - 2*p + 2. List the prime factors of n(1).
2, 3, 5
Suppose 3*c - 4*q + 2*q = 95, 5*c + 5*q - 200 = 0. What are the prime factors of c?
5, 7
Let q(i) = -3*i + 11. Let m be q(-8). Let n = m - -12. List the prime factors of n.
47
Let y(x) = 2*x**2 + 4*x. Let d be (-3)/2*(-1 - -3). Let t(z) = -z**2 - 4*z - 1. Let n(a) = d*t(a) - 2*y(a). What are the prime factors of n(4)?
3
Suppose j - 16 - 36 = 4*q, -8 = 2*j. Let w = 26 + q. List the prime factors of w.
2, 3
Let j(a) = -a - 3. What are the prime factors of j(-12)?
3
What are the prime factors of (-39)/(-26)*38/3?
19
Suppose 2*l + 0*l - 8 = 0. List the prime factors of l.
2
Suppose 2*u = -2*u + 52. Suppose -z + u + 3 = 0. List the prime factors of z/(1 + -1 + 1).
2
Suppose -g + 2 = -2. Suppose 5*c = -a, c = -0*a - a - g. List the prime factors of -3*c*1*-1.
3
Let z(f) be the first derivative of -3*f**2/2 - 2*f - 3. Let j be z(-3). Suppose -2*r + j*r = 75. List the prime factors of r.
3, 5
Let p(k) = 2*k**3 - k + 2. Let h be p(2). Suppose 0*o + h = 4*o. Suppose -42 = -w + 4*q - 15, 0 = -o*w + q + 33. What are the prime factors of w?
7
Suppose 0 = -3*n + 21 + 3. What are the prime factors of n/4*(0 + 10)?
2, 5
Let q be 2/6 - 159/(-9). Let l = 29 - q. List the prime factors of l.
11
Let z = 4 + 34. Suppose -23 = -f + o + z, 2*o - 163 = -3*f. What are the prime factors of f?
3, 19
Let u(h) = h + 5. Let s be u(-3). Suppose q - 15 = a, -5*q - 22 + 94 = -s*a. Suppose -3*k + 46 + q = 0. What are the prime factors of k?
2, 5
Let m = 615 + -435. What are the prime factors of m?
2, 3, 5
Let h be 7 - (-3 + 8 + -2). Suppose 9*f = h*f + 40. What are the prime factors of f?
2
Let g(u) = -u**2 + 6*u - 4. Let m = 19 - 15. What are the prime factors of g(m)?
2
Let w = 93 + -59. List the prime factors of w.
2, 17
Suppose 4*t = -3*y + 56, -5*y + 48 = 4*t - 32. What are the prime factors of y?
2, 3
Let j(o) = 32*o + 3. What are the prime factors of j(4)?
131
Let z = 3 - -1. Suppose z*y = 3*g - 8*g + 8, 8 = 4*y - 5*g. List the prime factors of y.
2
Suppose 6 = -2*t - 4. Let k be -8*(-3)/(-2 - t). Suppose 3*a - 29 + k = 0. What are the prime factors of a?
7
Let k(y) = -y**3 - 4*y**2 - 6*y - 8. What are the prime factors of k(-5)?
47
Let u(q) = -q**2 - 20*q + 18. List the prime factors of u(-13).
109
Let j = -34 + 98. List the prime factors of j.
2
Let g be 1/(-4 + 9/3). Let q be 57/12 + g/(-4). Suppose q*z + 0*n - n - 64 = 0, 2*z + n = 27. List the prime factors of z.
13
Let r(g) be the first derivative of -g**2 - 7*g + 1. Let q be r(-7). Suppose q*u - 3*u = 2*p + 64, 4*u = 5*p + 64. What are the prime factors of u?
2
Let x(k) = -k**2 + k - 1. Let f be x(-5). Let j = 67 + f. What are the prime factors of j?
2, 3
Suppose 0 = -a + 184 - 143. List the prime factors of a.
41
Let s be 12/((-2)/(-1)) - 1. Suppose -s*f - 3 = -13. What are the prime factors of (1/3)/(f/18)?
3
Suppose 0 = -3*g - 48 + 390. What are the prime factors of g?
2, 3, 19
Let m(z) = z**2 + z + 2. Let o be m(-3). Let f = 4 + o. List the prime factors of f.
2, 3
Suppose 2*d = -4, 2*j - 3*d - 167 = 203. What are the prime factors of j?
2, 7, 13
Suppose 0*i - 15 = -5*i. Suppose -2*p + 42 = i*n + 2*n, 5*p + 20 = 0. List the prime factors of n.
2, 5
Let k = -2 - -28. What are the prime factors of k?
2, 13
Let m be (1 + 0)*(2 + -4). Let r = m + 1. Let x = 2 - r. List the prime factors of x.
3
Let x be (-14 + -1)/(5/(-15)). Let l = 67 - x. What are the prime factors of l?
2, 11
Let n(o) = -o**3 + 2*o - 3. Let d be n(2). List the prime factors of -6*d/(-3)*-1.
2, 7
Suppose -10 = -2*w + 3*f, 2*w + 2 + 0 = -3*f. Suppose -4*i + 67 = -t + w*t, 2*i + t = 35. Suppose 5*s + 1 - i = 0. What are the prime factors of s?
3
Let b be -1 + -1 + 6 + 1. Suppose 0*p = b*r - 3*p + 51, -5*r - 4*p = 37. Let d(t) = t**2 + 9*t + 6. What are the prime factors of d(r)?
2, 3
Suppose -3*l - 20 + 8 = 0. Let d be l/(-6)*(-69)/(-2). Suppose -2*v + d = 3*r, r + 0*r - 17 = -3*v. List the prime factors of v.
2
Let n(d) = d**2 - 2*d + 6. Let o be n(-5). Let y = o + -13. Let l = y + -15. What are the prime factors of l?
13
Let a = 865 + -593. What are the prime factors of a?
2, 17
Let n be (-2)/(-6) + 20/(-6). What are the prime factors of 16/6 + n/(-9)?
3
Suppose -4*j - 2*f = 0, -4*j - 3*f = 2*f - 6. Let u be (1 - 0)*(0 - j). Suppose -5 - u = -2*s. What are the prime factors of s?
3
Let a be (-1)/(-4) - 174/24. Let l = -3 - a. List the prime factors of l.
2
Let z(j) = 4*j - 11. Suppose 0 = 4*b + k - 35, b - 28 - 2 = 4*k. What are the prime factors of z(b)?
29
What are the prime factors of ((-9)/2)/((-3)/28)?
2, 3, 7
List the prime factors of (11 + 2)/(-1 - -2).
13
Let l(j) = -71*j + 4. List the prime factors of l(-1).
3, 5
Suppose -q = 5*h - 162, -5*q = -0*h - 3*h + 86. Suppose -4*l - 5*s + h = 0, 0*s = -4*l + 3*s. List the prime factors of l.
3
Suppose -2*h - 2 = -10. Suppose -t - 18 = -h*t. List the prime factors of t.
2, 3
Suppose 4*k = -f + 112, 3*k = -0*f - 2*f + 84. Let w = 15 - k. Let u = -1 - w. List the prime factors of u.
2, 3
Suppose 4*j - 3*d - 53 = 0, -105 = -j - 4*j - 4*d. What are the prime factors of j?
17
Let w(v) = 2*v**2 - 3*v - 6. Let n = 1 + 4. Let d be w(n). Suppose -5*h + 3*h - 3*z = -9, d = 2*h - z. What are the prime factors of h?
2, 3
Let x = -194 + 398. List the prime factors of x.
2, 3, 17
What are the prime factors of 28/(-36) + 1 + 1384/9?
2, 7, 11
List the prime factors of (6 - -7) + (-2 - -2).
13
Let l(y) = -y + 2. Let d be l(5). Let v = d - 8. What are the prime factors of 1/2*v*-2?
11
Suppose s - 4*f = 65, -6*s + f + 230 = -2*s. Let t be (s/(-6))/((-1)/2). Suppose 2*m - t = -3*r, -2*r + 6*r - 51 = -5*m. What are the prime factors of m?
11
Let i = 7 + -4. Suppose 3*q + 0*v - 57 = i*v, 0 = 4*v + 20. Suppose -4*c - 18 = -u + 10, -2*c = 3*u - q. What are the prime factors of u?
2
Suppose 0 = 4*p - 2*u - 44, -4*p + 0*u - 2*u + 52 = 0. Let q be 3/(9/p + 0). Suppose 0*n = -q*n + 60. What are the prime factors of n?
3, 5
Let k be (-16)/(-7) + (-2)/7. Suppose -6*p + 108 = -k*p. Suppose -4*d + p = -d. List the prime factors of d.
3
Suppose 5 = 4*j - 3. Let z(f) = f**2 - 12*f + 5. Let l be z(11). What are the prime factors of l*(2/j + -2)?
2, 3
Let g be ((-7)/14)/(2/(-8)). Let u be -1 + -2 + 3 + g. What are the prime factors of (4 - 2)/(u/11)?
11
Let p(o) = 18*o + 8. Let i(j) = 6*j + 3. Suppose 5*m + 4*q - 3 + 2 = 0, 21 = -3*m + 3*q. Let c(w) = m*p(w) + 8*i(w). What are the prime factors of c(-1)?
2, 3
Let h = -7 - -2. Let i = h - -8. Suppose -i*d = d - 40. What are the prime factors of d?
2, 5
Let s(b) = -b**3 